ase 7) in base 6?
-1
-10 (base 15) to base 6
-23
What is -110110 (base 2) in base 4?
-312
What is 21 (base 7) in base 8?
17
What is 3 (base 8) in base 14?
3
Convert -1d (base 16) to base 2.
-11101
-31 (base 4) to base 11
-12
What is -d9 (base 15) in base 12?
-150
Convert -20112 (base 3) to base 14.
-c8
What is -6 (base 11) in base 15?
-6
24 (base 11) to base 5
101
2a (base 13) to base 11
33
What is 1 (base 13) in base 5?
1
What is 2 (base 11) in base 16?
2
Convert 14 (base 7) to base 16.
b
Convert 1 (base 8) to base 14.
1
What is -80 (base 11) in base 2?
-1011000
Convert -1 (base 7) to base 8.
-1
1 (base 15) to base 11
1
-302 (base 4) to base 5
-200
What is -11 (base 12) in base 13?
-10
Convert -3 (base 12) to base 5.
-3
-3e (base 15) to base 12
-4b
Convert -2 (base 16) to base 15.
-2
What is 4 (base 13) in base 16?
4
What is -10 (base 4) in base 8?
-4
What is -1c7 (base 14) in base 6?
-1415
What is -141 (base 12) in base 5?
-1233
What is -155 (base 6) in base 4?
-1013
5 (base 9) to base 4
11
11210 (base 3) to base 12
a9
Convert -13 (base 5) to base 4.
-20
Convert b (base 16) to base 8.
13
-1 (base 2) to base 4
-1
-213 (base 4) to base 14
-2b
What is 3 (base 4) in base 3?
10
Convert 1 (base 3) to base 10.
1
What is 0 (base 8) in base 12?
0
-211 (base 6) to base 12
-67
Convert -c (base 14) to base 5.
-22
87 (base 14) to base 11
a9
6a (base 12) to base 9
101
Convert -88 (base 13) to base 15.
-77
Convert -224 (base 6) to base 10.
-88
5 (base 13) to base 2
101
What is 3 (base 10) in base 11?
3
Convert -31 (base 5) to base 6.
-24
Convert -1d (base 14) to base 6.
-43
Convert 21 (base 14) to base 10.
29
What is 100 (base 8) in base 11?
59
Convert -53 (base 8) to base 9.
-47
Convert 110 (base 5) to base 13.
24
What is -14 (base 8) in base 14?
-c
What is 39 (base 12) in base 8?
55
What is 0 (base 15) in base 14?
0
142 (base 7) to base 14
59
What is -1542 (base 6) in base 4?
-12212
What is -12 (base 3) in base 11?
-5
-3 (base 16) to base 10
-3
9 (base 15) to base 11
9
Convert 9 (base 14) to base 9.
10
What is -100110 (base 2) in base 11?
-35
11 (base 2) to base 15
3
What is -4 (base 10) in base 8?
-4
Convert -74 (base 12) to base 10.
-88
What is 8 (base 9) in base 16?
8
What is 4 (base 16) in base 5?
4
Convert 65 (base 12) to base 6.
205
Convert -14 (base 6) to base 15.
-a
What is 5 (base 10) in base 2?
101
What is -3 (base 10) in base 9?
-3
11 (base 4) to base 14
5
2 (base 16) to base 5
2
Convert 1 (base 15) to base 5.
1
Convert -35 (base 13) to base 14.
-32
What is 10 (base 11) in base 3?
102
What is -5 (base 14) in base 8?
-5
Convert -3 (base 12) to base 3.
-10
What is 11 (base 13) in base 3?
112
Convert -1 (base 15) to base 6.
-1
-84 (base 10) to base 14
-60
-12 (base 4) to base 8
-6
0 (base 15) to base 10
0
What is 1 (base 10) in base 4?
1
Convert 43 (base 14) to base 10.
59
Convert -212 (base 7) to base 8.
-153
What is 11 (base 2) in base 3?
10
Convert -30 (base 10) to base 8.
-36
110 (base 2) to base 15
6
What is 41 (base 10) in base 12?
35
Convert 27 (base 16) to base 7.
54
Convert 1 (base 13) to base 2.
1
What is b (base 14) in base 6?
15
Convert 3 (base 4) to base 15.
3
-23 (base 12) to base 16
-1b
Convert -64 (base 10) to base 6.
-144
Convert -103 (base 5) to base 11.
-26
What is -66 (base 15) in base 3?
-10120
Convert 11010000 (base 2) to base 12.
154
456 (base 8) to base 6
1222
12 (base 4) to base 5
11
Convert 1 (base 8) to base 3.
1
Convert 12 (base 5) to base 15.
7
11 (base 12) to base 11
12
Convert 185 (base 9) to base 16.
9e
0 (base 12) to base 2
0
What is -3 (base 9) in base 12?
-3
Convert -5 (base 13) to base 11.
-5
-143 (base 9) to base 4
-1320
-1010 (base 6) to base 10
-222
Convert 3a (base 13) to base 4.
301
What is 1 (base 6) in base 16?
1
What is -2 (base 6) in base 10?
-2
Convert -3 (base 9) to base 7.
-3
What is 8 (base 11) in base 5?
13
What is 1 (base 11) in base 7?
1
Convert -2 (base 13) to base 6.
-2
What is -10 (base 3) in base 16?
-3
Convert 431 (base 5) to base 7.
224
-1041 (base 5) to base 3
-12102
Convert -b4 (base 12) to base 14.
-9a
Convert -24 (base 6) to base 12.
-14
4 (base 15) to base 3
11
What is 7 (base 9) in base 15?
7
14 (base 9) to base 12
11
-1133 (base 4) to base 8
-137
Convert 1 (base 5) to base 14.
1
-75 (base 10) to base 7
-135
Convert -6 (base 14) to base 6.
-10
11 (base 3) to base 15
4
Convert 2 (base 8) to base 2.
10
Convert 2 (base 11) to base 6.
2
What is -6 (base 7) in base 13?
-6
Convert 4 (base 5) to base 3.
11
163 (base 10) to base 16
a3
2 (base 10) to base 7
2
-14 (base 15) to base 10
-19
2 (base 3) to base 16
2
Convert 210 (base 7) to base 6.
253
-204 (base 9) to base 14
-bc
Convert -4 (base 8) to base 7.
-4
-30 (base 6) to base 3
-200
12 (base 5) to base 10
7
0 (base 15) to base 4
0
Convert 404 (base 5) to base 8.
150
-105 (base 6) to base 3
-1112
What is 20 (base 4) in base 3?
22
0 (base 15) to base 4
0
Convert -3 (base 14) to base 7.
-3
Convert 22 (base 7) to base 12.
14
Convert 1 (base 16) to base 15.
1
What is -2 (base 12) in base 16?
-2
What is -22 (base 4) in base 3?
-101
Convert -20 (base 5) to base 16.
-a
Convert 1032 (base 4) to base 12.
66
Convert -9 (base 12) to base 9.
-10
Convert 4 (base 10) to base 3.
11
Convert -36 (base 11) to base 13.
-30
Convert -403 (base 5) to base 2.
-1100111
Convert -1110 (base 2) to base 15.
-e
Convert -1 (base 14) to base 15.
-1
Convert -1 (base 11) to base 9.
-1
Convert -211 (base 3) to base 7.
-31
What is 1 (base 3) in base 6?
1
-211 (base 7) to base 5
-411
Convert -5 (base 11) to base 4.
-11
What is 1 (base 13) in base 7?
1
What is -55 (base 9) in base 14?
-38
-76 (base 9) to base 3
-2120
Convert 1010010 (base 2) to base 13.
64
102 (base 9) to base 13
65
What is -13 (base 9) in base 15?
-c
-78 (base 11) to base 2
-1010101
What is -89 (base 11) in base 10?
-97
Convert 5 (base 7) to base 2.
101
-3 (base 4) to base 6
-3
Convert 5 (base 7) to base 3.
12
What is -2 (base 10) in base 5?
-2
Convert 56 (base 16) to base 12.
72
-34 (base 9) to base 7
-43
What is -12 (base 11) in base 10?
-13
What is -132 (base 4) in base 12?
-26
What is 3 (base 11) in base 2?
11
130 (base 4) to base 3
1001
-12 (base 15) to base 16
-11
-a8 (base 16) to base 7
-330
41 (base 5) to base 7
30
What is 26 (base 9) in base 15?
19
1000 (base 2) to base 16
8
What is e (base 15) in base 9?
15
-26 (base 14) to base 3
-1021
Convert 5 (base 13) to base 4.
11
What is 15 (base 13) in base 15?
13
-4 (base 10) to base 15
-4
What is -11 (base 6) in base 7?
-10
What is -1 (base 3) in base 14?
-1
Convert 11 (base 13) to base 3.
112
What is 2 (base 12) in base 8?
2
What is -1 (base 3) in base 14?
-1
-533 (base 8) to base 10
-347
Convert -313 (base 7) to base 8.
-235
8 (base 9) to base 3
22
Convert 353 (base 8) to base 9.
281
What is -22 (base 6) in base 14?
-10
What is 83 (base 13) in base 6?
255
What is 4 (base 11) in base 13?
4
Convert 143 (base 5) to base 16.
30
39 (base 16) to base 15
3c
60 (base 9) to base 13
42
-10 (base 2) to base 13
-2
Convert -2 (base 8) to base 3.
-2
Convert 1112 (base 4) to base 15.
5b
Convert -10 (base 4) to base 2.
-100
Convert -2 (base 3) to base 13.
-2
Convert 2 (base 4) to base 15.
2
-174 (base 11) to base 2
-11001010
4 (base 9) to base 7
4
What is -1100 (base 2) in base 11?
-11
-5 (base 6) to base 10
-5
What is 1 (base 10) in base 5?
1
-210 (base 4) to base 2
-100100
49 (base 11) to base 12
45
Convert -1 (base 4) to base 8.
-1
Convert 0 (base 15) to base 5.
0
Convert -4c (base 13) to base 8.
-100
7 (base 11) to base 3
21
-1 (base 6) to base 13
-1
Convert 164 (base 12) to base 13.
13c
Convert -1001 (base 3) to base 15.
-1d
a9 (base 16) to base 13
100
Convert -21 (base 4) to base 8.
-11
What is -3 (base 10) in base 5?
-3
Convert -142 (base 6) to base 16.
-3e
Convert 1 (base 7) to base 2.
1
1011 (base 2) to base 13
b
What is -3 (base 10) in base 15?
-3
What is 0 (base 15) in base 13?
0
0 (base 5) to base 3
0
What is 11 (base 5) in base 12?
6
Convert 8 (base 14) to base 8.
10
1122 (base 3) to base 14
32
What is 4 (base 13) in base 9?
4
Convert 10 (base 8) to base 10.
8
What is -33 (base 10) in base 12?
-29
-35 (base 8) to base 13
-23
8 (base 11) to base 9
8
Convert -a2 (base 11) to base 7.
-220
-108 (base 10) to base 15
-73
b8 (base 16) to base 4
2320
Convert 1